{"id":9325,"date":"2013-04-14T01:55:35","date_gmt":"2013-04-14T00:55:35","guid":{"rendered":"http:\/\/barreiroweb.eu\/?page_id=9325"},"modified":"2023-06-14T23:35:43","modified_gmt":"2023-06-14T22:35:43","slug":"25-de-abril","status":"publish","type":"page","link":"https:\/\/arquivo.barreiroweb.net\/?page_id=9325","title":{"rendered":"25Abril|40Anos"},"content":{"rendered":"<p>Este ano\u00a0 comemoram-se os 40 anos da Revolu\u00e7\u00e3o de 25 de Abril, que p\u00f4s fim\u00a0 \u00e1 ditadura fascista, e abriu caminho \u00e0 instaura\u00e7\u00e3o do regime democr\u00e1tico em Portugal.<\/p>\n<p>Os trabalhadores e o povo portugu\u00eas v\u00e3o comemorar de forma muito especial quando passam os 40 anos desse processo glorioso de emancipa\u00e7\u00e3o social e nacional iniciado no dia 25 de Abril de 1974.<\/p>\n<p>O processo revolucion\u00e1rio de 1974 que levou \u00e0s conquistas, pol\u00edticas, econ\u00f3micas, sociais e culturais de Abril, representa e continua a representar, importantes\u00a0 avan\u00e7os sociais, conduzindo \u00e0 implementa\u00e7\u00e3o do regime democr\u00e1tico,\u00a0 \u00e0 atribui\u00e7\u00e3o de\u00a0 direitos e garantias dos trabalhadores, direitos de cidadania, etc.<\/p>\n<p>O Barreiro, uma terra com identidade pr\u00f3pria de luta contra o fascismo e pela liberdade, n\u00e3o pode deixar esquecer os\u00a0 homens e mulheres que, ao longo dos anos abnegadamente travaram esta luta.<\/p>\n<p>Neste espa\u00e7o aberto \u00e0 participa\u00e7\u00e3o de todos os cidad\u00e3os, vamos divulgar, documentos, artigos, imagens sons e v\u00eddeos relacionados com a luta contra o fascismo e o processo revolucion\u00e1rio de Abril, n\u00e3o esquecendo quem foram homens e mulheres que deram a cara nesta luta.<\/p>\n<p>Dando a conhecer e disponibilizando esta informa\u00e7\u00e3o a todos, estamos a contribuir para manter viva a hist\u00f3ria da nossa terra, valorizando a liberdade e a democracia.<\/p>\n<p align=\"right\">Barreiroweb.com<\/p>\n<p align=\"right\"><a href=\"http:\/\/barreiroweb.com\/25abril\/\" target=\"_blank\" rel=\"noopener\">Jos\u00e9 Encarna\u00e7\u00e3o<\/a><\/p>\n<p style=\"text-align: left;\" align=\"right\"><a href=\"http:\/\/barreiroweb.com\/25abril\/\" target=\"_blank\" rel=\"noopener\"><strong><span style=\"color: #ff0000;\">Visite o espa\u00e7o dedicado ao Barreiro|25abri|40anos<\/span><\/strong><\/a><\/p>\n<p>\u00a0<a title=\"25Abril|40anos\" href=\"http:\/\/barreiroweb.com\/25abril\/\" target=\"_blank\" rel=\"noopener\"><img decoding=\"async\" src=\"http:\/\/barreiroweb.com\/25abril\/wp-content\/uploads\/2014\/01\/logo3.png\" alt=\"Barreiro|25 Abril|40 Anos\" \/><\/a><\/p>\n","protected":false},"excerpt":{"rendered":"<p>Este ano\u00a0 comemoram-se os 40 anos da Revolu\u00e7\u00e3o de 25 de Abril, que p\u00f4s fim\u00a0 \u00e1 ditadura fascista, e abriu caminho \u00e0 instaura\u00e7\u00e3o do regime democr\u00e1tico em Portugal. Os trabalhadores e o povo portugu\u00eas v\u00e3o comemorar de forma muito especial quando passam os 40 anos desse processo glorioso de emancipa\u00e7\u00e3o social e nacional iniciado no [&hellip;]<\/p>\n","protected":false},"author":1,"featured_media":14547,"parent":0,"menu_order":0,"comment_status":"open","ping_status":"open","template":"","meta":{"footnotes":""},"class_list":["post-9325","page","type-page","status-publish","has-post-thumbnail","hentry","last_archivepost"],"yoast_head":"<!-- This site is optimized with the Yoast SEO plugin v27.1.1 - https:\/\/yoast.com\/product\/yoast-seo-wordpress\/ -->\n<title>25Abril|40Anos - barreiroweb<\/title>\n<meta name=\"robots\" content=\"index, follow, max-snippet:-1, max-image-preview:large, max-video-preview:-1\" \/>\n<link rel=\"canonical\" href=\"https:\/\/arquivo.barreiroweb.net\/?page_id=9325\" \/>\n<meta property=\"og:locale\" content=\"pt_PT\" \/>\n<meta property=\"og:type\" content=\"article\" \/>\n<meta property=\"og:title\" content=\"25Abril|40Anos - barreiroweb\" \/>\n<meta property=\"og:description\" content=\"Este ano\u00a0 comemoram-se os 40 anos da Revolu\u00e7\u00e3o de 25 de Abril, que p\u00f4s fim\u00a0 \u00e1 ditadura fascista, e abriu caminho \u00e0 instaura\u00e7\u00e3o do regime democr\u00e1tico em Portugal. Os trabalhadores e o povo portugu\u00eas v\u00e3o comemorar de forma muito especial quando passam os 40 anos desse processo glorioso de emancipa\u00e7\u00e3o social e nacional iniciado no [&hellip;]\" \/>\n<meta property=\"og:url\" content=\"https:\/\/arquivo.barreiroweb.net\/?page_id=9325\" \/>\n<meta property=\"og:site_name\" content=\"barreiroweb\" \/>\n<meta property=\"article:publisher\" content=\"https:\/\/www.facebook.com\/barreiroweb\" \/>\n<meta property=\"article:modified_time\" content=\"2023-06-14T22:35:43+00:00\" \/>\n<meta property=\"og:image\" content=\"https:\/\/arquivo.barreiroweb.net\/wp-content\/uploads\/2023\/06\/253.png\" \/>\n\t<meta property=\"og:image:width\" content=\"600\" \/>\n\t<meta property=\"og:image:height\" content=\"97\" \/>\n\t<meta property=\"og:image:type\" content=\"image\/png\" \/>\n<meta name=\"twitter:card\" content=\"summary_large_image\" \/>\n<meta name=\"twitter:site\" content=\"@barreiroweb\" \/>\n<meta name=\"twitter:label1\" content=\"Tempo estimado de leitura\" \/>\n\t<meta name=\"twitter:data1\" content=\"1 minuto\" \/>\n<script type=\"application\/ld+json\" class=\"yoast-schema-graph\">{\"@context\":\"https:\/\/schema.org\",\"@graph\":[{\"@type\":\"WebPage\",\"@id\":\"https:\/\/arquivo.barreiroweb.net\/?page_id=9325\",\"url\":\"https:\/\/arquivo.barreiroweb.net\/?page_id=9325\",\"name\":\"25Abril|40Anos - barreiroweb\",\"isPartOf\":{\"@id\":\"https:\/\/arquivo.barreiroweb.net\/#website\"},\"primaryImageOfPage\":{\"@id\":\"https:\/\/arquivo.barreiroweb.net\/?page_id=9325#primaryimage\"},\"image\":{\"@id\":\"https:\/\/arquivo.barreiroweb.net\/?page_id=9325#primaryimage\"},\"thumbnailUrl\":\"https:\/\/arquivo.barreiroweb.net\/wp-content\/uploads\/2023\/06\/253.png\",\"datePublished\":\"2013-04-14T00:55:35+00:00\",\"dateModified\":\"2023-06-14T22:35:43+00:00\",\"breadcrumb\":{\"@id\":\"https:\/\/arquivo.barreiroweb.net\/?page_id=9325#breadcrumb\"},\"inLanguage\":\"pt-PT\",\"potentialAction\":[{\"@type\":\"ReadAction\",\"target\":[\"https:\/\/arquivo.barreiroweb.net\/?page_id=9325\"]}]},{\"@type\":\"ImageObject\",\"inLanguage\":\"pt-PT\",\"@id\":\"https:\/\/arquivo.barreiroweb.net\/?page_id=9325#primaryimage\",\"url\":\"https:\/\/arquivo.barreiroweb.net\/wp-content\/uploads\/2023\/06\/253.png\",\"contentUrl\":\"https:\/\/arquivo.barreiroweb.net\/wp-content\/uploads\/2023\/06\/253.png\",\"width\":600,\"height\":97},{\"@type\":\"BreadcrumbList\",\"@id\":\"https:\/\/arquivo.barreiroweb.net\/?page_id=9325#breadcrumb\",\"itemListElement\":[{\"@type\":\"ListItem\",\"position\":1,\"name\":\"In\u00edcio\",\"item\":\"https:\/\/arquivo.barreiroweb.net\/\"},{\"@type\":\"ListItem\",\"position\":2,\"name\":\"25Abril|40Anos\"}]},{\"@type\":\"WebSite\",\"@id\":\"https:\/\/arquivo.barreiroweb.net\/#website\",\"url\":\"https:\/\/arquivo.barreiroweb.net\/\",\"name\":\"barreiroweb\",\"description\":\"Barreiroweb o barreiro na web\",\"publisher\":{\"@id\":\"https:\/\/arquivo.barreiroweb.net\/#organization\"},\"potentialAction\":[{\"@type\":\"SearchAction\",\"target\":{\"@type\":\"EntryPoint\",\"urlTemplate\":\"https:\/\/arquivo.barreiroweb.net\/?s={search_term_string}\"},\"query-input\":{\"@type\":\"PropertyValueSpecification\",\"valueRequired\":true,\"valueName\":\"search_term_string\"}}],\"inLanguage\":\"pt-PT\"},{\"@type\":\"Organization\",\"@id\":\"https:\/\/arquivo.barreiroweb.net\/#organization\",\"name\":\"barreiroweb\",\"url\":\"https:\/\/arquivo.barreiroweb.net\/\",\"logo\":{\"@type\":\"ImageObject\",\"inLanguage\":\"pt-PT\",\"@id\":\"https:\/\/arquivo.barreiroweb.net\/#\/schema\/logo\/image\/\",\"url\":\"https:\/\/barreiroweb.net\/wp-content\/uploads\/2022\/05\/BarreiroWeb555.jpg\",\"contentUrl\":\"https:\/\/barreiroweb.net\/wp-content\/uploads\/2022\/05\/BarreiroWeb555.jpg\",\"width\":421,\"height\":415,\"caption\":\"barreiroweb\"},\"image\":{\"@id\":\"https:\/\/arquivo.barreiroweb.net\/#\/schema\/logo\/image\/\"},\"sameAs\":[\"https:\/\/www.facebook.com\/barreiroweb\",\"https:\/\/x.com\/barreiroweb\"]}]}<\/script>\n<!-- \/ Yoast SEO plugin. -->","yoast_head_json":{"title":"25Abril|40Anos - barreiroweb","robots":{"index":"index","follow":"follow","max-snippet":"max-snippet:-1","max-image-preview":"max-image-preview:large","max-video-preview":"max-video-preview:-1"},"canonical":"https:\/\/arquivo.barreiroweb.net\/?page_id=9325","og_locale":"pt_PT","og_type":"article","og_title":"25Abril|40Anos - barreiroweb","og_description":"Este ano\u00a0 comemoram-se os 40 anos da Revolu\u00e7\u00e3o de 25 de Abril, que p\u00f4s fim\u00a0 \u00e1 ditadura fascista, e abriu caminho \u00e0 instaura\u00e7\u00e3o do regime democr\u00e1tico em Portugal. Os trabalhadores e o povo portugu\u00eas v\u00e3o comemorar de forma muito especial quando passam os 40 anos desse processo glorioso de emancipa\u00e7\u00e3o social e nacional iniciado no [&hellip;]","og_url":"https:\/\/arquivo.barreiroweb.net\/?page_id=9325","og_site_name":"barreiroweb","article_publisher":"https:\/\/www.facebook.com\/barreiroweb","article_modified_time":"2023-06-14T22:35:43+00:00","og_image":[{"width":600,"height":97,"url":"https:\/\/arquivo.barreiroweb.net\/wp-content\/uploads\/2023\/06\/253.png","type":"image\/png"}],"twitter_card":"summary_large_image","twitter_site":"@barreiroweb","twitter_misc":{"Tempo estimado de leitura":"1 minuto"},"schema":{"@context":"https:\/\/schema.org","@graph":[{"@type":"WebPage","@id":"https:\/\/arquivo.barreiroweb.net\/?page_id=9325","url":"https:\/\/arquivo.barreiroweb.net\/?page_id=9325","name":"25Abril|40Anos - barreiroweb","isPartOf":{"@id":"https:\/\/arquivo.barreiroweb.net\/#website"},"primaryImageOfPage":{"@id":"https:\/\/arquivo.barreiroweb.net\/?page_id=9325#primaryimage"},"image":{"@id":"https:\/\/arquivo.barreiroweb.net\/?page_id=9325#primaryimage"},"thumbnailUrl":"https:\/\/arquivo.barreiroweb.net\/wp-content\/uploads\/2023\/06\/253.png","datePublished":"2013-04-14T00:55:35+00:00","dateModified":"2023-06-14T22:35:43+00:00","breadcrumb":{"@id":"https:\/\/arquivo.barreiroweb.net\/?page_id=9325#breadcrumb"},"inLanguage":"pt-PT","potentialAction":[{"@type":"ReadAction","target":["https:\/\/arquivo.barreiroweb.net\/?page_id=9325"]}]},{"@type":"ImageObject","inLanguage":"pt-PT","@id":"https:\/\/arquivo.barreiroweb.net\/?page_id=9325#primaryimage","url":"https:\/\/arquivo.barreiroweb.net\/wp-content\/uploads\/2023\/06\/253.png","contentUrl":"https:\/\/arquivo.barreiroweb.net\/wp-content\/uploads\/2023\/06\/253.png","width":600,"height":97},{"@type":"BreadcrumbList","@id":"https:\/\/arquivo.barreiroweb.net\/?page_id=9325#breadcrumb","itemListElement":[{"@type":"ListItem","position":1,"name":"In\u00edcio","item":"https:\/\/arquivo.barreiroweb.net\/"},{"@type":"ListItem","position":2,"name":"25Abril|40Anos"}]},{"@type":"WebSite","@id":"https:\/\/arquivo.barreiroweb.net\/#website","url":"https:\/\/arquivo.barreiroweb.net\/","name":"barreiroweb","description":"Barreiroweb o barreiro na web","publisher":{"@id":"https:\/\/arquivo.barreiroweb.net\/#organization"},"potentialAction":[{"@type":"SearchAction","target":{"@type":"EntryPoint","urlTemplate":"https:\/\/arquivo.barreiroweb.net\/?s={search_term_string}"},"query-input":{"@type":"PropertyValueSpecification","valueRequired":true,"valueName":"search_term_string"}}],"inLanguage":"pt-PT"},{"@type":"Organization","@id":"https:\/\/arquivo.barreiroweb.net\/#organization","name":"barreiroweb","url":"https:\/\/arquivo.barreiroweb.net\/","logo":{"@type":"ImageObject","inLanguage":"pt-PT","@id":"https:\/\/arquivo.barreiroweb.net\/#\/schema\/logo\/image\/","url":"https:\/\/barreiroweb.net\/wp-content\/uploads\/2022\/05\/BarreiroWeb555.jpg","contentUrl":"https:\/\/barreiroweb.net\/wp-content\/uploads\/2022\/05\/BarreiroWeb555.jpg","width":421,"height":415,"caption":"barreiroweb"},"image":{"@id":"https:\/\/arquivo.barreiroweb.net\/#\/schema\/logo\/image\/"},"sameAs":["https:\/\/www.facebook.com\/barreiroweb","https:\/\/x.com\/barreiroweb"]}]}},"_links":{"self":[{"href":"https:\/\/arquivo.barreiroweb.net\/index.php?rest_route=\/wp\/v2\/pages\/9325","targetHints":{"allow":["GET"]}}],"collection":[{"href":"https:\/\/arquivo.barreiroweb.net\/index.php?rest_route=\/wp\/v2\/pages"}],"about":[{"href":"https:\/\/arquivo.barreiroweb.net\/index.php?rest_route=\/wp\/v2\/types\/page"}],"author":[{"embeddable":true,"href":"https:\/\/arquivo.barreiroweb.net\/index.php?rest_route=\/wp\/v2\/users\/1"}],"replies":[{"embeddable":true,"href":"https:\/\/arquivo.barreiroweb.net\/index.php?rest_route=%2Fwp%2Fv2%2Fcomments&post=9325"}],"version-history":[{"count":12,"href":"https:\/\/arquivo.barreiroweb.net\/index.php?rest_route=\/wp\/v2\/pages\/9325\/revisions"}],"predecessor-version":[{"id":14548,"href":"https:\/\/arquivo.barreiroweb.net\/index.php?rest_route=\/wp\/v2\/pages\/9325\/revisions\/14548"}],"wp:featuredmedia":[{"embeddable":true,"href":"https:\/\/arquivo.barreiroweb.net\/index.php?rest_route=\/wp\/v2\/media\/14547"}],"wp:attachment":[{"href":"https:\/\/arquivo.barreiroweb.net\/index.php?rest_route=%2Fwp%2Fv2%2Fmedia&parent=9325"}],"curies":[{"name":"wp","href":"https:\/\/api.w.org\/{rel}","templated":true}]}}

<p>Este ano  comemoram-se os 40 anos da Revolução de 25 de Abril, que pôs fim  á ditadura fascista, e abriu caminho à instauração do regime democrático em Portugal.</p>
<p>Os trabalhadores e o povo português vão comemorar de forma muito especial quando passam os 40 anos desse processo glorioso de emancipação social e nacional iniciado no dia 25 de Abril de 1974.</p>
<p>O processo revolucionário de 1974 que levou às conquistas, políticas, económicas, sociais e culturais de Abril, representa e continua a representar, importantes  avanços sociais, conduzindo à implementação do regime democrático,  à atribuição de  direitos e garantias dos trabalhadores, direitos de cidadania, etc.</p>
<p>O Barreiro, uma terra com identidade própria de luta contra o fascismo e pela liberdade, não pode deixar esquecer os  homens e mulheres que, ao longo dos anos abnegadamente travaram esta luta.</p>
<p>Neste espaço aberto à participação de todos os cidadãos, vamos divulgar, documentos, artigos, imagens sons e vídeos relacionados com a luta contra o fascismo e o processo revolucionário de Abril, não esquecendo quem foram homens e mulheres que deram a cara nesta luta.</p>
<p>Dando a conhecer e disponibilizando esta informação a todos, estamos a contribuir para manter viva a história da nossa terra, valorizando a liberdade e a democracia.</p>
<p align="right">Barreiroweb.com</p>
<p align="right"><a href="http://barreiroweb.com/25abril/" target="_blank" rel="noopener">José Encarnação</a></p>
<p style="text-align: left;" align="right"><a href="http://barreiroweb.com/25abril/" target="_blank" rel="noopener"><strong><span style="color: #ff0000;">Visite o espaço dedicado ao Barreiro|25abri|40anos</span></strong></a></p>
<p> <a title="25Abril|40anos" href="http://barreiroweb.com/25abril/" target="_blank" rel="noopener"><img decoding="async" src="http://barreiroweb.com/25abril/wp-content/uploads/2014/01/logo3.png" alt="Barreiro|25 Abril|40 Anos" /></a></p>

<p>Este ano  comemoram-se os 40 anos da Revolução de 25 de Abril, que pôs fim  á ditadura fascista, e abriu caminho à instauração do regime democrático em Portugal. Os trabalhadores e o povo português vão comemorar de forma muito especial quando passam os 40 anos desse processo glorioso de emancipação social e nacional iniciado no [&hellip;]</p>

<!-- This site is optimized with the Yoast SEO plugin v27.1.1 - https://yoast.com/product/yoast-seo-wordpress/ -->
<title>25Abril|40Anos - barreiroweb</title>
<meta name="robots" content="index, follow, max-snippet:-1, max-image-preview:large, max-video-preview:-1" />
<link rel="canonical" href="https://arquivo.barreiroweb.net/?page_id=9325" />
<meta property="og:locale" content="pt_PT" />
<meta property="og:type" content="article" />
<meta property="og:title" content="25Abril|40Anos - barreiroweb" />
<meta property="og:description" content="Este ano  comemoram-se os 40 anos da Revolução de 25 de Abril, que pôs fim  á ditadura fascista, e abriu caminho à instauração do regime democrático em Portugal. Os trabalhadores e o povo português vão comemorar de forma muito especial quando passam os 40 anos desse processo glorioso de emancipação social e nacional iniciado no [&hellip;]" />
<meta property="og:url" content="https://arquivo.barreiroweb.net/?page_id=9325" />
<meta property="og:site_name" content="barreiroweb" />
<meta property="article:publisher" content="https://www.facebook.com/barreiroweb" />
<meta property="article:modified_time" content="2023-06-14T22:35:43+00:00" />
<meta property="og:image" content="https://arquivo.barreiroweb.net/wp-content/uploads/2023/06/253.png" />
	<meta property="og:image:width" content="600" />
	<meta property="og:image:height" content="97" />
	<meta property="og:image:type" content="image/png" />
<meta name="twitter:card" content="summary_large_image" />
<meta name="twitter:site" content="@barreiroweb" />
<meta name="twitter:label1" content="Tempo estimado de leitura" />
	<meta name="twitter:data1" content="1 minuto" />
<script type="application/ld+json" class="yoast-schema-graph">{"@context":"https://schema.org","@graph":[{"@type":"WebPage","@id":"https://arquivo.barreiroweb.net/?page_id=9325","url":"https://arquivo.barreiroweb.net/?page_id=9325","name":"25Abril|40Anos - barreiroweb","isPartOf":{"@id":"https://arquivo.barreiroweb.net/#website"},"primaryImageOfPage":{"@id":"https://arquivo.barreiroweb.net/?page_id=9325#primaryimage"},"image":{"@id":"https://arquivo.barreiroweb.net/?page_id=9325#primaryimage"},"thumbnailUrl":"https://arquivo.barreiroweb.net/wp-content/uploads/2023/06/253.png","datePublished":"2013-04-14T00:55:35+00:00","dateModified":"2023-06-14T22:35:43+00:00","breadcrumb":{"@id":"https://arquivo.barreiroweb.net/?page_id=9325#breadcrumb"},"inLanguage":"pt-PT","potentialAction":[{"@type":"ReadAction","target":["https://arquivo.barreiroweb.net/?page_id=9325"]}]},{"@type":"ImageObject","inLanguage":"pt-PT","@id":"https://arquivo.barreiroweb.net/?page_id=9325#primaryimage","url":"https://arquivo.barreiroweb.net/wp-content/uploads/2023/06/253.png","contentUrl":"https://arquivo.barreiroweb.net/wp-content/uploads/2023/06/253.png","width":600,"height":97},{"@type":"BreadcrumbList","@id":"https://arquivo.barreiroweb.net/?page_id=9325#breadcrumb","itemListElement":[{"@type":"ListItem","position":1,"name":"Início","item":"https://arquivo.barreiroweb.net/"},{"@type":"ListItem","position":2,"name":"25Abril|40Anos"}]},{"@type":"WebSite","@id":"https://arquivo.barreiroweb.net/#website","url":"https://arquivo.barreiroweb.net/","name":"barreiroweb","description":"Barreiroweb o barreiro na web","publisher":{"@id":"https://arquivo.barreiroweb.net/#organization"},"potentialAction":[{"@type":"SearchAction","target":{"@type":"EntryPoint","urlTemplate":"https://arquivo.barreiroweb.net/?s={search_term_string}"},"query-input":{"@type":"PropertyValueSpecification","valueRequired":true,"valueName":"search_term_string"}}],"inLanguage":"pt-PT"},{"@type":"Organization","@id":"https://arquivo.barreiroweb.net/#organization","name":"barreiroweb","url":"https://arquivo.barreiroweb.net/","logo":{"@type":"ImageObject","inLanguage":"pt-PT","@id":"https://arquivo.barreiroweb.net/#/schema/logo/image/","url":"https://barreiroweb.net/wp-content/uploads/2022/05/BarreiroWeb555.jpg","contentUrl":"https://barreiroweb.net/wp-content/uploads/2022/05/BarreiroWeb555.jpg","width":421,"height":415,"caption":"barreiroweb"},"image":{"@id":"https://arquivo.barreiroweb.net/#/schema/logo/image/"},"sameAs":["https://www.facebook.com/barreiroweb","https://x.com/barreiroweb"]}]}</script>
<!-- / Yoast SEO plugin. -->

Este ano  comemoram-se os 40 anos da Revolução de 25 de Abril, que pôs fim  á ditadura fascista, e abriu caminho à instauração do regime democrático em Portugal. Os trabalhadores e o povo português vão comemorar de forma muito especial quando passam os 40 anos desse processo glorioso de emancipação social e nacional iniciado no [&hellip;]

Início
